{"id":2571,"date":"2020-03-28T13:53:12","date_gmt":"2020-03-28T12:53:12","guid":{"rendered":"https:\/\/www.107er.net\/getaway\/?page_id=2571"},"modified":"2023-07-10T11:28:44","modified_gmt":"2023-07-10T09:28:44","slug":"laender","status":"publish","type":"page","link":"https:\/\/www.107er.net\/getaway\/kategoriepage\/laender\/","title":{"rendered":"L\u00e4nder"},"content":{"rendered":"<h2>\u00d6sterreich<\/h2>\n<ul>\n<li><a href=\"https:\/\/www.107er.net\/getaway\/category\/laender\/oesterreich\/wien\/\">Wien<\/a><\/li>\n<li><a href=\"https:\/\/www.107er.net\/getaway\/category\/laender\/oesterreich\/niederoesterreich\/\">Nieder\u00f6sterreich<\/a><\/li>\n<li><a href=\"https:\/\/www.107er.net\/getaway\/category\/laender\/oesterreich\/kaernten\/\">K\u00e4rnten<\/a><\/li>\n<li><a href=\"https:\/\/www.107er.net\/getaway\/category\/laender\/oesterreich\/steiermark\/\">Steiermark<\/a><\/li>\n<li><a href=\"https:\/\/www.107er.net\/getaway\/category\/laender\/oesterreich\/oberoesterreich\/\">Ober\u00f6sterreich<\/a><\/li>\n<li><a href=\"https:\/\/www.107er.net\/getaway\/category\/laender\/oesterreich\/salzburg\/\">Salzburg<\/a><\/li>\n<\/ul>\n<h2>Europa<\/h2>\n<ul>\n<li><a href=\"https:\/\/www.107er.net\/getaway\/category\/laender\/oesterreich\/\">\u00d6sterreich<\/a><\/li>\n<li><a href=\"https:\/\/www.107er.net\/getaway\/category\/laender\/italien\/\">Italien<\/a><\/li>\n<li><a href=\"https:\/\/www.107er.net\/getaway\/category\/laender\/deutschland\/\">Deutschland<\/a><\/li>\n<li><a href=\"https:\/\/www.107er.net\/getaway\/category\/laender\/kroatien\/\">Kroatien<\/a><\/li>\n<li><a href=\"https:\/\/www.107er.net\/getaway\/category\/laender\/griechenland\/\">Griechenland<\/a><\/li>\n<li><a href=\"https:\/\/www.107er.net\/getaway\/category\/laender\/zypern\/\">Zypern<\/a><\/li>\n<li><a href=\"https:\/\/www.107er.net\/getaway\/category\/laender\/spanien\/\">Spanien<\/a><\/li>\n<li><a href=\"https:\/\/www.107er.net\/getaway\/category\/laender\/ungarn\/\">Ungarn<\/a><\/li>\n<li><a href=\"https:\/\/www.107er.net\/getaway\/category\/laender\/polen\/\">Polen<\/a><\/li>\n<\/ul>\n<h2>Amerika<\/h2>\n<ul>\n<li><a href=\"https:\/\/www.107er.net\/getaway\/category\/laender\/usa\/\">USA<\/a><\/li>\n<li><a href=\"https:\/\/www.107er.net\/getaway\/category\/laender\/kanada\/\">Kanada<\/a><\/li>\n<\/ul>\n<h2>Asien<\/h2>\n<ul>\n<li><a href=\"https:\/\/www.107er.net\/getaway\/category\/laender\/china\/\">China<\/a><\/li>\n<li><a href=\"https:\/\/www.107er.net\/getaway\/category\/laender\/vietnam\/\">Vietnam<\/a><\/li>\n<\/ul>\n<h2>Afrika<\/h2>\n<h2>Australien\/Ozeanien<\/h2>\n<ul>\n<li><a href=\"https:\/\/www.107er.net\/getaway\/category\/laender\/australien\/\">Australien<\/a><\/li>\n<\/ul>\n","protected":false},"excerpt":{"rendered":"<p>\u00d6sterreich Wien Nieder\u00f6sterreich K\u00e4rnten Steiermark Ober\u00f6sterreich Salzburg Europa \u00d6sterreich Italien Deutschland Kroatien Griechenland Zypern Spanien Ungarn Polen Amerika USA Kanada Asien China Vietnam Afrika Australien\/Ozeanien Australien<\/p>\n","protected":false},"author":1,"featured_media":0,"parent":248,"menu_order":0,"comment_status":"closed","ping_status":"closed","template":"","meta":{"ngg_post_thumbnail":0,"jetpack_post_was_ever_published":false,"footnotes":"","_links_to":"","_links_to_target":""},"class_list":["post-2571","page","type-page","status-publish","hentry"],"yoast_head":"<!-- This site is optimized with the Yoast SEO plugin v27.0 - https:\/\/yoast.com\/product\/yoast-seo-wordpress\/ -->\n<title>L\u00e4nder - Get Away<\/title>\n<meta name=\"robots\" content=\"index, follow, max-snippet:-1, max-image-preview:large, max-video-preview:-1\" \/>\n<link rel=\"canonical\" href=\"https:\/\/www.107er.net\/getaway\/kategoriepage\/laender\/\" \/>\n<meta property=\"og:locale\" content=\"de_DE\" \/>\n<meta property=\"og:type\" content=\"article\" \/>\n<meta property=\"og:title\" content=\"L\u00e4nder - Get Away\" \/>\n<meta property=\"og:description\" content=\"\u00d6sterreich Wien Nieder\u00f6sterreich K\u00e4rnten Steiermark Ober\u00f6sterreich Salzburg Europa \u00d6sterreich Italien Deutschland Kroatien Griechenland Zypern Spanien Ungarn Polen Amerika USA Kanada Asien China Vietnam Afrika Australien\/Ozeanien Australien\" \/>\n<meta property=\"og:url\" content=\"https:\/\/www.107er.net\/getaway\/kategoriepage\/laender\/\" \/>\n<meta property=\"og:site_name\" content=\"Get Away\" \/>\n<meta property=\"article:modified_time\" content=\"2023-07-10T09:28:44+00:00\" \/>\n<meta name=\"twitter:card\" content=\"summary_large_image\" \/>\n<meta name=\"twitter:label1\" content=\"Gesch\u00e4tzte Lesezeit\" \/>\n\t<meta name=\"twitter:data1\" content=\"1\u00a0Minute\" \/>\n<script type=\"application\/ld+json\" class=\"yoast-schema-graph\">{\"@context\":\"https:\/\/schema.org\",\"@graph\":[{\"@type\":\"WebPage\",\"@id\":\"https:\/\/www.107er.net\/getaway\/kategoriepage\/laender\/\",\"url\":\"https:\/\/www.107er.net\/getaway\/kategoriepage\/laender\/\",\"name\":\"L\u00e4nder - Get Away\",\"isPartOf\":{\"@id\":\"https:\/\/www.107er.net\/getaway\/#website\"},\"datePublished\":\"2020-03-28T12:53:12+00:00\",\"dateModified\":\"2023-07-10T09:28:44+00:00\",\"breadcrumb\":{\"@id\":\"https:\/\/www.107er.net\/getaway\/kategoriepage\/laender\/#breadcrumb\"},\"inLanguage\":\"de\",\"potentialAction\":[{\"@type\":\"ReadAction\",\"target\":[\"https:\/\/www.107er.net\/getaway\/kategoriepage\/laender\/\"]}]},{\"@type\":\"BreadcrumbList\",\"@id\":\"https:\/\/www.107er.net\/getaway\/kategoriepage\/laender\/#breadcrumb\",\"itemListElement\":[{\"@type\":\"ListItem\",\"position\":1,\"name\":\"Startseite\",\"item\":\"https:\/\/www.107er.net\/getaway\/\"},{\"@type\":\"ListItem\",\"position\":2,\"name\":\"Kategorien\",\"item\":\"http:\/\/www.107er.net\/getaway\/category\/laender\/\"},{\"@type\":\"ListItem\",\"position\":3,\"name\":\"L\u00e4nder\"}]},{\"@type\":\"WebSite\",\"@id\":\"https:\/\/www.107er.net\/getaway\/#website\",\"url\":\"https:\/\/www.107er.net\/getaway\/\",\"name\":\"Get Away\",\"description\":\"Was k\u00f6nnten wir heute machen?\",\"publisher\":{\"@id\":\"https:\/\/www.107er.net\/getaway\/#\/schema\/person\/17666e7f53a1f491f8c7fd02af078d7b\"},\"potentialAction\":[{\"@type\":\"SearchAction\",\"target\":{\"@type\":\"EntryPoint\",\"urlTemplate\":\"https:\/\/www.107er.net\/getaway\/?s={search_term_string}\"},\"query-input\":{\"@type\":\"PropertyValueSpecification\",\"valueRequired\":true,\"valueName\":\"search_term_string\"}}],\"inLanguage\":\"de\"},{\"@type\":[\"Person\",\"Organization\"],\"@id\":\"https:\/\/www.107er.net\/getaway\/#\/schema\/person\/17666e7f53a1f491f8c7fd02af078d7b\",\"name\":\"Michael\",\"image\":{\"@type\":\"ImageObject\",\"inLanguage\":\"de\",\"@id\":\"https:\/\/www.107er.net\/getaway\/#\/schema\/person\/image\/\",\"url\":\"http:\/\/www.107er.net\/getaway\/wp-content\/uploads\/2015\/12\/Michael_avatar_1450713135-96x96.jpg\",\"contentUrl\":\"http:\/\/www.107er.net\/getaway\/wp-content\/uploads\/2015\/12\/Michael_avatar_1450713135-96x96.jpg\",\"caption\":\"Michael\"},\"logo\":{\"@id\":\"https:\/\/www.107er.net\/getaway\/#\/schema\/person\/image\/\"}}]}<\/script>\n<!-- \/ Yoast SEO plugin. -->","yoast_head_json":{"title":"L\u00e4nder - Get Away","robots":{"index":"index","follow":"follow","max-snippet":"max-snippet:-1","max-image-preview":"max-image-preview:large","max-video-preview":"max-video-preview:-1"},"canonical":"https:\/\/www.107er.net\/getaway\/kategoriepage\/laender\/","og_locale":"de_DE","og_type":"article","og_title":"L\u00e4nder - Get Away","og_description":"\u00d6sterreich Wien Nieder\u00f6sterreich K\u00e4rnten Steiermark Ober\u00f6sterreich Salzburg Europa \u00d6sterreich Italien Deutschland Kroatien Griechenland Zypern Spanien Ungarn Polen Amerika USA Kanada Asien China Vietnam Afrika Australien\/Ozeanien Australien","og_url":"https:\/\/www.107er.net\/getaway\/kategoriepage\/laender\/","og_site_name":"Get Away","article_modified_time":"2023-07-10T09:28:44+00:00","twitter_card":"summary_large_image","twitter_misc":{"Gesch\u00e4tzte Lesezeit":"1\u00a0Minute"},"schema":{"@context":"https:\/\/schema.org","@graph":[{"@type":"WebPage","@id":"https:\/\/www.107er.net\/getaway\/kategoriepage\/laender\/","url":"https:\/\/www.107er.net\/getaway\/kategoriepage\/laender\/","name":"L\u00e4nder - Get Away","isPartOf":{"@id":"https:\/\/www.107er.net\/getaway\/#website"},"datePublished":"2020-03-28T12:53:12+00:00","dateModified":"2023-07-10T09:28:44+00:00","breadcrumb":{"@id":"https:\/\/www.107er.net\/getaway\/kategoriepage\/laender\/#breadcrumb"},"inLanguage":"de","potentialAction":[{"@type":"ReadAction","target":["https:\/\/www.107er.net\/getaway\/kategoriepage\/laender\/"]}]},{"@type":"BreadcrumbList","@id":"https:\/\/www.107er.net\/getaway\/kategoriepage\/laender\/#breadcrumb","itemListElement":[{"@type":"ListItem","position":1,"name":"Startseite","item":"https:\/\/www.107er.net\/getaway\/"},{"@type":"ListItem","position":2,"name":"Kategorien","item":"http:\/\/www.107er.net\/getaway\/category\/laender\/"},{"@type":"ListItem","position":3,"name":"L\u00e4nder"}]},{"@type":"WebSite","@id":"https:\/\/www.107er.net\/getaway\/#website","url":"https:\/\/www.107er.net\/getaway\/","name":"Get Away","description":"Was k\u00f6nnten wir heute machen?","publisher":{"@id":"https:\/\/www.107er.net\/getaway\/#\/schema\/person\/17666e7f53a1f491f8c7fd02af078d7b"},"potentialAction":[{"@type":"SearchAction","target":{"@type":"EntryPoint","urlTemplate":"https:\/\/www.107er.net\/getaway\/?s={search_term_string}"},"query-input":{"@type":"PropertyValueSpecification","valueRequired":true,"valueName":"search_term_string"}}],"inLanguage":"de"},{"@type":["Person","Organization"],"@id":"https:\/\/www.107er.net\/getaway\/#\/schema\/person\/17666e7f53a1f491f8c7fd02af078d7b","name":"Michael","image":{"@type":"ImageObject","inLanguage":"de","@id":"https:\/\/www.107er.net\/getaway\/#\/schema\/person\/image\/","url":"http:\/\/www.107er.net\/getaway\/wp-content\/uploads\/2015\/12\/Michael_avatar_1450713135-96x96.jpg","contentUrl":"http:\/\/www.107er.net\/getaway\/wp-content\/uploads\/2015\/12\/Michael_avatar_1450713135-96x96.jpg","caption":"Michael"},"logo":{"@id":"https:\/\/www.107er.net\/getaway\/#\/schema\/person\/image\/"}}]}},"jetpack_shortlink":"https:\/\/wp.me\/P71HnZ-Ft","jetpack_sharing_enabled":true,"_links":{"self":[{"href":"https:\/\/www.107er.net\/getaway\/wp-json\/wp\/v2\/pages\/2571","targetHints":{"allow":["GET"]}}],"collection":[{"href":"https:\/\/www.107er.net\/getaway\/wp-json\/wp\/v2\/pages"}],"about":[{"href":"https:\/\/www.107er.net\/getaway\/wp-json\/wp\/v2\/types\/page"}],"author":[{"embeddable":true,"href":"https:\/\/www.107er.net\/getaway\/wp-json\/wp\/v2\/users\/1"}],"replies":[{"embeddable":true,"href":"https:\/\/www.107er.net\/getaway\/wp-json\/wp\/v2\/comments?post=2571"}],"version-history":[{"count":5,"href":"https:\/\/www.107er.net\/getaway\/wp-json\/wp\/v2\/pages\/2571\/revisions"}],"predecessor-version":[{"id":3589,"href":"https:\/\/www.107er.net\/getaway\/wp-json\/wp\/v2\/pages\/2571\/revisions\/3589"}],"up":[{"embeddable":true,"href":"https:\/\/www.107er.net\/getaway\/wp-json\/wp\/v2\/pages\/248"}],"wp:attachment":[{"href":"https:\/\/www.107er.net\/getaway\/wp-json\/wp\/v2\/media?parent=2571"}],"curies":[{"name":"wp","href":"https:\/\/api.w.org\/{rel}","templated":true}]}}